
What is the tens digit of 3404?
0
What is the tens digit of 2009?
0
What is the tens digit of 70153?
5
What is the hundreds digit of 502?
5
What is the tens digit of 2060?
6
What is the units digit of 113175?
5
What is the units digit of 3516?
6
What is the thousands digit of 14110?
4
What is the units digit of 9621?
1
What is the tens digit of 293?
9
What is the units digit of 28084?
4
What is the units digit of 65842?
2
What is the tens digit of 405?
0
What is the units digit of 2312?
2
What is the hundreds digit of 205?
2
What is the units digit of 6778?
8
What is the tens digit of 542?
4
What is the units digit of 19201?
1
What is the units digit of 104765?
5
What is the thousands digit of 6373?
6
What is the units digit of 924?
4
What is the units digit of 3?
3
What is the units digit of 154?
4
What is the hundreds digit of 92804?
8
What is the units digit of 9630?
0
What is the thousands digit of 8782?
8
What is the tens digit of 1317?
1
What is the units digit of 797?
7
What is the hundreds digit of 7929?
9
What is the tens digit of 42404?
0
What is the units digit of 62939?
9
What is the thousands digit of 1066?
1
What is the units digit of 86834?
4
What is the ten thousands digit of 123098?
2
What is the units digit of 8723?
3
What is the hundreds digit of 1729?
7
What is the hundreds digit of 1561?
5
What is the hundreds digit of 3004?
0
What is the thousands digit of 2700?
2
What is the tens digit of 12709?
0
What is the units digit of 1057?
7
What is the hundreds digit of 1063?
0
What is the ten thousands digit of 26962?
2
What is the tens digit of 33617?
1
What is the thousands digit of 13047?
3
What is the tens digit of 78453?
5
What is the ten thousands digit of 117545?
1
What is the tens digit of 3232?
3
What is the units digit of 13853?
3
What is the units digit of 115892?
2
What is the hundreds digit of 1856?
8
What is the tens digit of 1913?
1
What is the tens digit of 558?
5
What is the tens digit of 14097?
9
What is the thousands digit of 5884?
5
What is the hundreds digit of 1189?
1
What is the ten thousands digit of 10572?
1
What is the thousands digit of 57248?
7
What is the thousands digit of 8307?
8
What is the ten thousands digit of 63308?
6
What is the hundreds digit of 272?
2
What is the thousands digit of 23684?
3
What is the units digit of 1320?
0
What is the units digit of 42426?
6
What is the tens digit of 48906?
0
What is the units digit of 10?
0
What is the hundreds digit of 4812?
8
What is the hundreds digit of 35915?
9
What is the units digit of 6917?
7
What is the units digit of 64099?
9
What is the tens digit of 29142?
4
What is the units digit of 9992?
2
What is the hundreds digit of 8264?
2
What is the thousands digit of 36949?
6
What is the hundreds digit of 474?
4
What is the units digit of 21083?
3
What is the thousands digit of 95941?
5
What is the hundreds digit of 257?
2
What is the thousands digit of 2316?
2
What is the tens digit of 6716?
1
What is the units digit of 949?
9
What is the ten thousands digit of 16112?
1
What is the thousands digit of 1688?
1
What is the units digit of 5590?
0
What is the tens digit of 1510?
1
What is the tens digit of 2318?
1
What is the hundreds digit of 148334?
3
What is the hundreds digit of 4341?
3
What is the thousands digit of 5520?
5
What is the thousands digit of 28554?
8
What is the tens digit of 23256?
5
What is the thousands digit of 1019?
1
What is the ten thousands digit of 27594?
2
What is the tens digit of 1554?
5
What is the thousands digit of 4700?
4
What is the thousands digit of 1280?
1
What is the units digit of 2277?
7
What is the tens digit of 230?
3
What is the ten thousands digit of 14527?
1
What is the thousands digit of 20982?
0
What is the hundreds digit of 24925?
9
What is the hundreds digit of 12523?
5
What is the thousands digit of 1597?
1
What is the units digit of 941?
1
What is the tens digit of 660?
6
What is the units digit of 548?
8
What is the hundreds digit of 1949?
9
What is the tens digit of 851?
5
What is the thousands digit of 17537?
7
What is the units digit of 6?
6
What is the hundreds digit of 6522?
5
What is the hundred thousands digit of 207580?
2
What is the units digit of 13147?
7
What is the units digit of 13403?
3
What is the tens digit of 5978?
7
What is the thousands digit of 4479?
4
What is the ten thousands digit of 42693?
4
What is the thousands digit of 4132?
4
What is the hundreds digit of 33220?
2
What is the units digit of 27769?
9
What is the tens digit of 2391?
9
What is the ten thousands digit of 30374?
3
What is the thousands digit of 2739?
2
What is the units digit of 250?
0
What is the tens digit of 1100?
0
What is the hundreds digit of 23093?
0
What is the thousands digit of 2006?
2
What is the hundreds digit of 186090?
0
What is the hundreds digit of 445?
4
What is the units digit of 66286?
6
What is the hundreds digit of 51809?
8
What is the ten thousands digit of 38796?
3
What is the hundreds digit of 6352?
3
What is the ten thousands digit of 18586?
1
What is the ten thousands digit of 18302?
1
What is the hundreds digit of 982?
9
What is the ten thousands digit of 21093?
2
What is the hundreds digit of 22758?
7
What is the hundred thousands digit of 142675?
1
What is the tens digit of 26768?
6
What is the tens digit of 20710?
1
What is the tens digit of 811?
1
What is the tens digit of 9533?
3
What is the hundreds digit of 8954?
9
What is the thousands digit of 1381?
1
What is the units digit of 8374?
4
What is the units digit of 54154?
4
What is the thousands digit of 15044?
5
What is the tens digit of 4187?
8
What is the tens digit of 1949?
4
What is the hundreds digit of 2317?
3
What is the units digit of 29797?
7
What is the hundreds digit of 87350?
3
What is the tens digit of 183?
8
What is the ten thousands digit of 20697?
2
What is the units digit of 9780?
0
What is the ten thousands digit of 22324?
2
What is the thousands digit of 1345?
1
What is the units digit of 7059?
9
What is the units digit of 667?
7
What is the thousands digit of 4685?
4
What is the units digit of 10127?
7
What is the hundreds digit of 155?
1
What is the hundreds digit of 138568?
5
What is the hundreds digit of 49148?
1
What is the tens digit of 1721?
2
What is the thousands digit of 21376?
1
What is the tens digit of 11175?
7
What is the hundreds digit of 348?
3
What is the hundreds digit of 5112?
1
What is the hundreds digit of 8414?
4
What is the hundreds digit of 3783?
7
What is the units digit of 20199?
9
What is the thousands digit of 9950?
9
What is the ten thousands digit of 24499?
2
What is the thousands digit of 55432?
5
What is the tens digit of 451?
5
What is the hundreds digit of 571?
5
What is the thousands digit of 26008?
6
What is the units digit of 412?
2
What is the hundreds digit of 1200?
2
What is the units digit of 1006?
6
What is the thousands digit of 93929?
3
What is the tens digit of 3871?
7
What is the units digit of 70971?
1
What is the units digit of 46942?
2
What is the units digit of 2584?
4
What is the ten thousands digit of 90911?
9
What is the units digit of 5276?
6
What is the hundreds digit of 426?
4
What is the thousands digit of 36756?
6
What is the thousands digit of 37263?
7
What is the hundreds digit of 2416?
4
What is the hundreds digit of 251?
2
What is the units digit of 14355?
5
What is the thousands digit of 1299?
1
What is the tens digit of 2496?
9
What is the tens digit of 220?
2
What is the ten thousands digit of 16550?
1
What is the tens digit of 196?
9
What is the ten thousands digit of 81839?
8
What is the units digit of 263?
3
What is the hundreds digit of 462?
4
What is the thousands digit of 1985?
1
What is the thousands digit of 46275?
6
What is the tens digit of 46455?
5
What is the ten thousands digit of 79493?
7
What is the units digit of 1580?
0
What is the hundreds digit of 1542?
5
What is the thousands digit of 1800?
1
What is the units digit of 4697?
7
What is the thousands digit of 2080?
2
What is the hundreds digit of 67957?
9
What is the units digit of 117666?
6
What is the units digit of 12798?
8
What is the ten thousands digit of 28324?
2
What is the units digit of 59?
9
What is the thousands digit of 7539?
7
What is the ten thousands digit 